e highest common factor of 53830920 and 528?
264
What is the greatest common divisor of 13 and 11517103?
13
What is the greatest common divisor of 86652396 and 702?
54
What is the greatest common factor of 12437659 and 4845?
17
Calculate the highest common factor of 111936 and 659736.
264
Calculate the highest common factor of 1653296 and 54053.
191
What is the greatest common divisor of 154262412 and 199?
199
What is the greatest common divisor of 1030 and 804150?
10
Calculate the greatest common divisor of 10187880 and 1226965.
5815
What is the greatest common divisor of 12626682 and 7650?
102
Calculate the highest common factor of 14340 and 152940880.
4780
Calculate the greatest common factor of 66343678 and 142.
142
Calculate the highest common factor of 5470192 and 38437.
2023
Calculate the greatest common divisor of 25337853 and 729.
729
Calculate the highest common factor of 485602278 and 1722.
1722
Calculate the highest common factor of 168018 and 18441.
2049
What is the highest common factor of 564 and 11172464?
188
What is the highest common factor of 7309926 and 139932?
3042
What is the greatest common factor of 2503710 and 16017?
843
Calculate the greatest common divisor of 1811754 and 756.
378
Calculate the highest common factor of 292946160 and 80.
80
What is the highest common divisor of 469 and 3373249?
67
Calculate the highest common divisor of 1450 and 5855.
5
What is the highest common factor of 7676 and 120256054?
3838
What is the highest common divisor of 67162733 and 74?
37
Calculate the greatest common divisor of 455 and 15669745.
455
Calculate the highest common factor of 174831 and 50803.
101
Calculate the highest common divisor of 3993 and 6960525.
363
Calculate the greatest common divisor of 824 and 2033426.
206
Calculate the greatest common divisor of 6093522 and 1026.
54
Calculate the greatest common factor of 131600 and 4746350.
350
Calculate the greatest common divisor of 154533984 and 1.
1
What is the greatest common divisor of 135289 and 1020866?
539
Calculate the highest common divisor of 25102 and 5441898.
154
What is the greatest common divisor of 1179072 and 8496?
144
Calculate the greatest common factor of 187 and 212891459.
187
What is the greatest common factor of 20765143 and 214193?
5789
Calculate the highest common divisor of 52608 and 143472.
48
Calculate the highest common divisor of 152 and 132772399.
19
Calculate the greatest common factor of 636 and 71641902.
318
What is the highest common factor of 2065 and 255765?
295
Calculate the highest common factor of 41850 and 2087478.
1674
What is the greatest common divisor of 13973654 and 402?
134
Calculate the highest common factor of 799380810 and 90.
90
What is the highest common factor of 6 and 41285103?
3
Calculate the greatest common divisor of 782514 and 216978.
258
Calculate the highest common factor of 23407 and 159904.
263
What is the greatest common factor of 6118 and 41783318?
874
What is the highest common divisor of 62217 and 387351?
2007
What is the greatest common factor of 5420844 and 11492?
676
What is the greatest common divisor of 341 and 906104859?
341
What is the greatest common factor of 12485 and 1992540?
55
Calculate the greatest common divisor of 6732 and 142956.
396
Calculate the highest common divisor of 3321635 and 1695.
565
Calculate the highest common factor of 4284 and 748692.
252
Calculate the highest common factor of 31394 and 918874.
22
Calculate the highest common divisor of 5613356 and 322.
14
Calculate the highest common divisor of 8281 and 194342057.
1183
Calculate the greatest common factor of 119352 and 358.
2
Calculate the greatest common factor of 9514530 and 540.
270
Calculate the greatest common divisor of 458756 and 772.
4
Calculate the highest common divisor of 1670 and 779083056.
334
What is the highest common divisor of 4002401 and 333?
37
What is the greatest common divisor of 19032792 and 170?
34
Calculate the greatest common divisor of 12692 and 273068.
76
What is the highest common divisor of 55252 and 7106?
38
What is the greatest common divisor of 924212797 and 367?
367
Calculate the highest common divisor of 2200 and 4876025.
275
What is the highest common factor of 17068125 and 1500?
375
What is the greatest common factor of 744 and 556744?
8
What is the highest common divisor of 23843 and 242159?
113
Calculate the greatest common factor of 1929 and 14546589.
1929
Calculate the highest common divisor of 145488486 and 104.
26
What is the greatest common factor of 9040 and 1306845?
565
Calculate the highest common divisor of 14583000 and 5000.
1000
What is the greatest common factor of 165816 and 13784724?
1692
Calculate the highest common divisor of 70 and 2942345.
35
Calculate the highest common divisor of 4635 and 2540907.
927
What is the highest common divisor of 50577934 and 194?
194
What is the greatest common factor of 1062 and 4452612?
354
What is the greatest common factor of 27736785 and 3776?
59
What is the greatest common factor of 50796 and 361116?
36
What is the highest common divisor of 1772 and 31619125?
443
What is the highest common divisor of 1410 and 1382740?
470
What is the greatest common divisor of 188362 and 217088?
106
Calculate the highest common divisor of 438 and 35961771.
219
What is the highest common divisor of 31449 and 61314?
33
Calculate the highest common factor of 589093133 and 199.
199
Calculate the greatest common factor of 643388 and 309744.
956
Calculate the highest common divisor of 59486 and 145334.
98
Calculate the highest common divisor of 4139 and 5249.
1
What is the highest common divisor of 5020 and 4878185?
1255
What is the highest common divisor of 243192873 and 9366?
4683
What is the greatest common factor of 2280 and 3917160?
120
What is the greatest common factor of 31553896 and 592?
296
What is the highest common divisor of 1038899396 and 2252?
2252
What is the greatest common divisor of 11 and 4356587?
1
What is the highest common divisor of 9238875 and 7100?
1775
What is the greatest common divisor of 11754560 and 96?
32
Calculate the highest common factor of 69 and 1370156.
23
Calculate the highest common divisor of 1392836 and 20.
4
What is the highest common factor of 373367 and 2146?
37
Calculate the highest common divisor of 80 and 14823904.
16
What is the highest common factor of 60 and 352526550?
30
What is the greatest common factor of 79284 and 65940?
12
What is the highest common divisor of 222 and 969279306?
222
Calculate the greatest common factor of 56288440 and 832.
104
What is the highest common divisor of 21296209 and 77?
11
What is the highest common factor of 19774264 and 952?
136
Calculate the greatest common divisor of 42282 and 6234.
6
What is the highest common divisor of 26649672 and 21462?
3066
What is the greatest common factor of 716958 and 340362?
594
What is the highest common divisor of 82776 and 275112?
24
What is the highest common divisor of 51115347 and 6966?
1161
Calculate the greatest common divisor of 125949348 and 1386.
126
What is the greatest common divisor of 13169408 and 91392?
1792
What is the highest common factor of 27301508 and 1300?
52
What is the greatest common divisor of 2033 and 19059589?
107
What is the greatest common divisor of 54645612 and 420?
84
Calculate the highest common factor of 57302400 and 1410.
1410
What is the highest common divisor of 15028715 and 4945?
215
What is the greatest common divisor of 17173926 and 1232?
154
Calculate the highest common factor of 15260577 and 2482.
1241
Calculate the highest common divisor of 153564 and 621492.
804
What is the highest common factor of 90745572 and 467?
467
What is the highest common factor of 745 and 1336579170?
745
Calculate the highest common divisor of 96756 and 69124.
44
Calculate the greatest common factor of 87577467 and 15018.
7509
Calculate the highest common factor of 3 and 22925163.
3
What is the greatest common divisor of 2854169 and 141?
47
What is the highest common divisor of 4100736 and 1104?
48
Calculate the highest common factor of 245 and 7631435.
35
Calculate the highest common divisor of 86646 and 234352674.
12378
What is the greatest common factor of 2913 and 45?
3
Calculate the greatest common factor of 23672 